{"id":4018,"date":"2022-02-20T19:00:19","date_gmt":"2022-02-20T19:00:19","guid":{"rendered":"https:\/\/nemzetikonyha.hu\/?page_id=4018"},"modified":"2022-02-20T19:00:21","modified_gmt":"2022-02-20T19:00:21","slug":"receptek-bongeszese-keresese-oldal","status":"publish","type":"page","link":"https:\/\/nemzetikonyha.hu\/index.php\/receptek-bongeszese-keresese-oldal\/","title":{"rendered":"Receptek b\u00f6ng\u00e9sz\u00e9se\/keres\u00e9se oldal"},"content":{"rendered":"<p>[cooked-browse]<\/p>\n","protected":false},"excerpt":{"rendered":"","protected":false},"author":1,"featured_media":0,"parent":0,"menu_order":0,"comment_status":"closed","ping_status":"closed","template":"","meta":{"wprm-recipe-roundup-name":"","wprm-recipe-roundup-description":"","footnotes":""},"class_list":["post-4018","page","type-page","status-publish","hentry","latest_post"],"_links":{"self":[{"href":"https:\/\/nemzetikonyha.hu\/index.php\/wp-json\/wp\/v2\/pages\/4018","targetHints":{"allow":["GET"]}}],"collection":[{"href":"https:\/\/nemzetikonyha.hu\/index.php\/wp-json\/wp\/v2\/pages"}],"about":[{"href":"https:\/\/nemzetikonyha.hu\/index.php\/wp-json\/wp\/v2\/types\/page"}],"author":[{"embeddable":true,"href":"https:\/\/nemzetikonyha.hu\/index.php\/wp-json\/wp\/v2\/users\/1"}],"replies":[{"embeddable":true,"href":"https:\/\/nemzetikonyha.hu\/index.php\/wp-json\/wp\/v2\/comments?post=4018"}],"version-history":[{"count":1,"href":"https:\/\/nemzetikonyha.hu\/index.php\/wp-json\/wp\/v2\/pages\/4018\/revisions"}],"predecessor-version":[{"id":4019,"href":"https:\/\/nemzetikonyha.hu\/index.php\/wp-json\/wp\/v2\/pages\/4018\/revisions\/4019"}],"wp:attachment":[{"href":"https:\/\/nemzetikonyha.hu\/index.php\/wp-json\/wp\/v2\/media?parent=4018"}],"curies":[{"name":"wp","href":"https:\/\/api.w.org\/{rel}","templated":true}]}}